
7
What is the ten thousands digit of 165652?
6
What is the millions digit of 4277154?
4
What is the units digit of 895610?
0
What is the millions digit of 5000430?
5
What is the thousands digit of 272731?
2
What is the thousands digit of 413972?
3
What is the tens digit of 725333?
3
What is the tens digit of 243745?
4
What is the thousands digit of 6816546?
6
What is the units digit of 821552?
2
What is the hundred thousands digit of 1298358?
2
What is the millions digit of 1545088?
1
What is the ten thousands digit of 4733563?
3
What is the hundreds digit of 88507?
5
What is the tens digit of 111445?
4
What is the hundreds digit of 209848?
8
What is the millions digit of 1075106?
1
What is the hundreds digit of 809641?
6
What is the thousands digit of 14263911?
3
What is the units digit of 10450947?
7
What is the tens digit of 739014?
1
What is the thousands digit of 2710772?
0
What is the millions digit of 5691173?
5
What is the hundred thousands digit of 191713?
1
What is the units digit of 3427871?
1
What is the units digit of 414329?
9
What is the hundred thousands digit of 5527089?
5
What is the thousands digit of 4625630?
5
What is the hundred thousands digit of 9649832?
6
What is the tens digit of 172003?
0
What is the hundreds digit of 6175214?
2
What is the thousands digit of 4224776?
4
What is the hundreds digit of 234832?
8
What is the units digit of 1117968?
8
What is the units digit of 37295?
5
What is the tens digit of 5040269?
6
What is the units digit of 49245?
5
What is the thousands digit of 523043?
3
What is the units digit of 13809930?
0
What is the thousands digit of 225288?
5
What is the units digit of 658978?
8
What is the units digit of 10580868?
8
What is the ten thousands digit of 138437?
3
What is the ten thousands digit of 3374386?
7
What is the units digit of 2221422?
2
What is the units digit of 193148?
8
What is the hundred thousands digit of 19691143?
6
What is the thousands digit of 897470?
7
What is the millions digit of 1406620?
1
What is the hundreds digit of 129311?
3
What is the ten thousands digit of 4012871?
1
What is the units digit of 398439?
9
What is the tens digit of 321586?
8
What is the tens digit of 49496?
9
What is the units digit of 610024?
4
What is the tens digit of 7401371?
7
What is the tens digit of 2528999?
9
What is the ten millions digit of 17525324?
1
What is the hundred thousands digit of 5606670?
6
What is the units digit of 589803?
3
What is the ten millions digit of 10414816?
1
What is the ten thousands digit of 1208459?
0
What is the thousands digit of 2572?
2
What is the millions digit of 1121682?
1
What is the tens digit of 365378?
7
What is the hundreds digit of 2139487?
4
What is the ten thousands digit of 769667?
6
What is the hundreds digit of 25494?
4
What is the hundreds digit of 956402?
4
What is the tens digit of 352562?
6
What is the units digit of 9510482?
2
What is the hundred thousands digit of 199884?
1
What is the hundreds digit of 5619015?
0
What is the hundreds digit of 129953?
9
What is the ten millions digit of 32847664?
3
What is the thousands digit of 5582334?
2
What is the tens digit of 1028783?
8
What is the tens digit of 304229?
2
What is the units digit of 2961450?
0
What is the hundred thousands digit of 942277?
9
What is the tens digit of 10937283?
8
What is the millions digit of 1229771?
1
What is the hundreds digit of 1813911?
9
What is the tens digit of 148660?
6
What is the thousands digit of 264795?
4
What is the hundreds digit of 188729?
7
What is the tens digit of 5108663?
6
What is the thousands digit of 401385?
1
What is the millions digit of 2604141?
2
What is the hundreds digit of 1560505?
5
What is the hundreds digit of 12548417?
4
What is the millions digit of 2619331?
2
What is the ten millions digit of 22626668?
2
What is the tens digit of 17591168?
6
What is the units digit of 2231?
1
What is the ten millions digit of 27246269?
2
What is the thousands digit of 113231?
3
What is the thousands digit of 19150770?
0
What is the tens digit of 636459?
5
What is the hundred thousands digit of 284996?
2
What is the hundred thousands digit of 110218?
1
What is the hundreds digit of 23645794?
7
What is the units digit of 5127153?
3
What is the tens digit of 1252831?
3
What is the thousands digit of 7240601?
0
What is the tens digit of 1568052?
5
What is the tens digit of 2384972?
7
What is the hundred thousands digit of 1956852?
9
What is the units digit of 303680?
0
What is the ten thousands digit of 868394?
6
What is the thousands digit of 19011426?
1
What is the units digit of 9618043?
3
What is the units digit of 955821?
1
What is the tens digit of 24699?
9
What is the tens digit of 116601?
0
What is the tens digit of 1655112?
1
What is the tens digit of 258929?
2
What is the hundred thousands digit of 255126?
2
What is the hundred thousands digit of 1839034?
8
What is the thousands digit of 302733?
2
What is the hundreds digit of 907938?
9
What is the thousands digit of 332643?
2
What is the units digit of 1023563?
3
What is the thousands digit of 97056?
7
What is the units digit of 2064230?
0
What is the units digit of 1150924?
4
What is the thousands digit of 228606?
8
What is the thousands digit of 4337602?
7
What is the ten thousands digit of 21538972?
3
What is the units digit of 5863154?
4
What is the ten thousands digit of 110361?
1
What is the tens digit of 2092803?
0
What is the thousands digit of 184189?
4
What is the units digit of 5477301?
1
What is the ten millions digit of 19135184?
1
What is the ten thousands digit of 1899235?
9
What is the millions digit of 2888964?
2
What is the ten millions digit of 10399370?
1
What is the hundreds digit of 2006253?
2
What is the hundreds digit of 5435997?
9
What is the ten thousands digit of 143783?
4
What is the millions digit of 15360571?
5
What is the hundreds digit of 4977808?
8
What is the ten thousands digit of 23313?
2
What is the millions digit of 17170747?
7
What is the thousands digit of 846816?
6
What is the tens digit of 1716708?
0
What is the ten thousands digit of 1987651?
8
What is the millions digit of 1880092?
1
What is the tens digit of 11829573?
7
What is the hundred thousands digit of 3088578?
0
What is the millions digit of 1520073?
1
What is the tens digit of 1116851?
5
What is the units digit of 1588193?
3
What is the ten thousands digit of 119781?
1
What is the units digit of 812728?
8
What is the hundred thousands digit of 16829848?
8
What is the hundred thousands digit of 1318330?
3
What is the units digit of 167879?
9
What is the thousands digit of 1257548?
7
What is the units digit of 72402?
2
What is the tens digit of 546779?
7
What is the hundreds digit of 272434?
4
What is the tens digit of 704361?
6
What is the thousands digit of 570884?
0
What is the ten millions digit of 23467484?
2
What is the tens digit of 1520629?
2
What is the thousands digit of 748099?
8
What is the hundreds digit of 2052309?
3
What is the hundred thousands digit of 652420?
6
What is the thousands digit of 849022?
9
What is the hundreds digit of 242662?
6
What is the hundreds digit of 7367784?
7
What is the hundreds digit of 528982?
9
What is the tens digit of 38192?
9
What is the thousands digit of 998744?
8
What is the hundred thousands digit of 182246?
1
What is the ten thousands digit of 550410?
5
What is the thousands digit of 265483?
5
What is the tens digit of 316142?
4
What is the ten thousands digit of 24003336?
0
What is the tens digit of 216892?
9
What is the units digit of 1580396?
6
What is the hundreds digit of 924117?
1
What is the tens digit of 153074?
7
What is the ten thousands digit of 161081?
6
What is the hundred thousands digit of 993416?
9
What is the hundreds digit of 1126721?
7
What is the tens digit of 580494?
9
What is the units digit of 3230824?
4
What is the tens digit of 934731?
3
What is the units digit of 2100?
0
What is the thousands digit of 6981321?
1
What is the units digit of 292640?
0
What is the hundred thousands digit of 1444428?
4
What is the ten thousands digit of 461840?
6
What is the tens digit of 3136774?
7
What is the hundreds digit of 13822652?
6
What is the hundred thousands digit of 546180?
5
What is the millions digit of 12939469